{"id":18,"date":"2022-09-25T12:56:35","date_gmt":"2022-09-25T10:56:35","guid":{"rendered":"http:\/\/portbastille.com\/?page_id=18"},"modified":"2024-09-17T10:46:32","modified_gmt":"2024-09-17T08:46:32","slug":"page-darticle","status":"publish","type":"page","link":"https:\/\/portbastille.com\/","title":{"rendered":"Diagnostic technique global (DTG)"},"content":{"rendered":"\n<div class=\"wp-block-columns is-layout-flex wp-container-core-columns-is-layout-9d6595d7 wp-block-columns-is-layout-flex\">\n<div class=\"wp-block-column is-layout-flow wp-block-column-is-layout-flow\" style=\"flex-basis:100%\">\n<p class=\"has-green-background-color has-background has-extra-small-font-size\"><\/p>\n<\/div>\n<\/div>\n\n\n\n<p class=\"has-text-align-center has-extra-large-font-size\"><strong>Diagnostic technique global<\/strong><br><strong>(DTG)<\/strong><\/p>\n\n\n\n<p class=\"has-green-background-color has-background\"><\/p>\n\n\n\n<p><\/p>\n\n\n\n<p class=\"has-text-align-center\"><strong>LE DTG IMMO\u2019TECH&nbsp;:<\/strong><br><strong>un rapport aux conclusions aberrantes<\/strong><br><strong>qu\u2019il faut imp\u00e9rativement refaire<\/strong><br><strong>pour d\u00e9terminer les gains \u00e9nerg\u00e9tiques r\u00e9alisables<\/strong><br><strong>et donc les subventions auxquelles nous avons droit<\/strong><\/p>\n\n\n\n<p>En juin 2023, l\u2019AG a vot\u00e9 la r\u00e9alisation d\u2019un Diagnostic Technique Global (DTG) <em>&#8220;par un tiers&nbsp;<u>disposant de comp\u00e9tences pr\u00e9cis\u00e9es par d\u00e9cret<\/u>&#8221; <\/em>avec demande de subvention<em>. <\/em>Le CS a retenu Immo\u2019Tech (11&nbsp;760&nbsp;\u20ac TTC) parmi les trois soci\u00e9t\u00e9s pr\u00e9s\u00e9lectionn\u00e9es par l\u2019architecte de l\u2019immeuble. Soyons clairs&nbsp;: rien n\u2019est \u00e0 reprocher \u00e0 notre Conseil syndical qui a choisi Immo\u2019Tech confiant dans la qualification des trois organismes pr\u00e9s\u00e9lectionn\u00e9s.<\/p>\n\n\n\n<p>Or, M.&nbsp;Loriot (Immo\u2019Tech), diagnostiqueur immobilier, n\u2019a pas des comp\u00e9tences pr\u00e9cis\u00e9es dans le d\u00e9cret. De plus, le Diagnostic Technique Global exig\u00e9 par l\u2019Agence parisienne du climat pour avoir des subventions est <strong>une \u00e9tude qui va plus loin qu\u2019un DPE collectif.<\/strong> R\u00e9alis\u00e9 par un bureau d\u2019\u00e9tudes thermique ou par une \u00e9quipe compos\u00e9e d\u2019un architecte et d\u2019un thermicien, <strong>il propose un rapport complet de l\u2019\u00e9tat de la copropri\u00e9t\u00e9 (architectural, thermique, financier), qui \u00e9tablit des sc\u00e9narios de travaux d\u2019\u00e9conomie d\u2019\u00e9nergie hi\u00e9rarchis\u00e9s et chiffr\u00e9s<\/strong> et indique les aides financi\u00e8res mobilisables.<\/p>\n\n\n\n<p>APIM, ancien syndic, avait \u00e9t\u00e9 inform\u00e9 par la responsable Paris Est de l\u2019Agence parisienne du climat que l\u2019entreprise choisie pour le DTG n\u2019\u00e9tait pas \u00e9ligible \u00e0 la subvention.<\/p>\n\n\n\n<p class=\"has-text-align-center\"><strong>Non seulement nous avons perdu 5&nbsp;000 \u20ac<\/strong><br><strong>mais<\/strong> <strong>le DTG \u00e9tabli par Immo\u2019Tech<\/strong><br><strong> ne permet pas de b\u00e9n\u00e9ficier des aides publiques,<\/strong><br><strong>qui sont tr\u00e8s importantes. Il est donc \u00e0 refaire.<\/strong><\/p>\n\n\n\n<p><strong><u>Le point essentiel est que les conclusions du rapport Immo\u2019Tech sont contradictoires avec le Diagnostic \u00e9nerg\u00e9tique r\u00e9alis\u00e9 en 2011 par les deux ing\u00e9nieurs du bureau d\u2019\u00e9tudes thermique BSC \u00e9nergies<\/u><\/strong><strong>.<\/strong><\/p>\n\n\n\n<p>Pour Immo\u2019Tech, notre diagnostiqueur immobilier, en aucun cas la copropri\u00e9t\u00e9 ne pourrait atteindre un gain \u00e9nerg\u00e9tique de 35&nbsp;%, donc b\u00e9n\u00e9ficier des aides de Ma Prime R\u00e9nov. Tout au plus ferions-nous un gain de 14&nbsp;% \u00e0 condition d\u2019isoler les murs par l\u2019ext\u00e9rieur, de remplacer les fen\u00eatres et&nbsp; d\u2019installer des robinets thermostatiques.<\/p>\n\n\n\n<p>Les thermiciens de BSC \u00c9nergies, eux, en 2011, pr\u00e9sentaient \u00ab&nbsp;trois sc\u00e9narios&nbsp;\u00bb entra\u00eenant des gains respectivement de 38 %, 42 % et m\u00eame 74 % (atteinte du niveau BBC R\u00e9novation \u2013 B\u00e2timent Basse Consommation), ce qui nous ouvrirait droit dans les trois cas aux aides de Ma Prime R\u00e9nov&nbsp;! <em>(Cf. pages 23-25 du rapport BSC sur <a href=\"http:\/\/www.portbastille.com\/\">www.portbastille.com<\/a>). <\/em>De plus, nous pr\u00e9serverions ainsi la valeur de notre bien.<\/p>\n\n\n\n<p><strong>D\u2019o\u00f9 mon projet de r\u00e9solution demandant que l\u2019on refasse le DTG<\/strong>. Ce n\u2019est que sur la base de sc\u00e9narios chiffr\u00e9s par une \u00e9quipe bureau d\u2019\u00e9tudes thermique, architecte, ing\u00e9nieur financier que nous pourrons prendre nos d\u00e9cisions sur les travaux, lesquels doivent imp\u00e9rativement \u00eatre envisag\u00e9s globalement pour atteindre le gain de 35 % qui d\u00e9clenche les subventions (30 % ou plus). Le financement se fait par un <strong>\u00e9co-pr\u00eat \u00e0 taux z\u00e9ro sur 15 ans<\/strong> sans conditions d\u2019\u00e2ge, seulement 0,44&nbsp;% de caution (taux effectif global).<\/p>\n\n\n\n<p class=\"has-text-align-right\">Simone BARDOT <br>      <br>     <\/p>\n\n\n\n<p class=\"has-green-background-color has-background has-large-font-size\"><\/p>\n\n\n\n<p class=\"has-extra-small-font-size\"><\/p>\n\n\n\n<p><br><strong>CONCERNANT LE PARKING<\/strong>, Immo&#8217;Tech a bien vu qu&#8217;il manquait une pelle dans le bac \u00e0 sable mais pas les infiltrations et l&#8217;\u00e9tat des canalisations. Les r\u00e9parations jug\u00e9es urgentes en 2007 par l&#8217;architecte Gu\u00e9roult ne seront pas davantage entreprises dans les dix prochaines ann\u00e9es.<br><br><\/p>\n\n\n\n<figure class=\"wp-block-gallery has-nested-images columns-default is-cropped wp-block-gallery-1 is-layout-flex wp-block-gallery-is-layout-flex\">\n<figure class=\"wp-block-image size-large\"><img loading=\"lazy\" decoding=\"async\" width=\"336\" height=\"448\" data-id=\"165\" src=\"http:\/\/portbastille.com\/wp-content\/uploads\/2022\/10\/20220816_193039_resized.jpg\" alt=\"\" class=\"wp-image-165\" srcset=\"https:\/\/portbastille.com\/wp-content\/uploads\/2022\/10\/20220816_193039_resized.jpg 336w, https:\/\/portbastille.com\/wp-content\/uploads\/2022\/10\/20220816_193039_resized-225x300.jpg 225w\" sizes=\"auto, (max-width: 336px) 100vw, 336px\" \/><\/figure>\n\n\n\n<figure class=\"wp-block-image size-large\"><img loading=\"lazy\" decoding=\"async\" width=\"336\" height=\"448\" data-id=\"166\" src=\"http:\/\/portbastille.com\/wp-content\/uploads\/2022\/10\/20220816_193049_resized.jpg\" alt=\"\" class=\"wp-image-166\" srcset=\"https:\/\/portbastille.com\/wp-content\/uploads\/2022\/10\/20220816_193049_resized.jpg 336w, https:\/\/portbastille.com\/wp-content\/uploads\/2022\/10\/20220816_193049_resized-225x300.jpg 225w\" sizes=\"auto, (max-width: 336px) 100vw, 336px\" \/><\/figure>\n<\/figure>\n\n\n\n<figure class=\"wp-block-gallery has-nested-images columns-default is-cropped wp-block-gallery-2 is-layout-flex wp-block-gallery-is-layout-flex\">\n<figure class=\"wp-block-image size-large\"><img loading=\"lazy\" decoding=\"async\" width=\"336\" height=\"448\" data-id=\"168\" src=\"http:\/\/portbastille.com\/wp-content\/uploads\/2022\/10\/20220816_192528_resized.jpg\" alt=\"\" class=\"wp-image-168\" srcset=\"https:\/\/portbastille.com\/wp-content\/uploads\/2022\/10\/20220816_192528_resized.jpg 336w, https:\/\/portbastille.com\/wp-content\/uploads\/2022\/10\/20220816_192528_resized-225x300.jpg 225w\" sizes=\"auto, (max-width: 336px) 100vw, 336px\" \/><\/figure>\n\n\n\n<figure class=\"wp-block-image size-large\"><img loading=\"lazy\" decoding=\"async\" width=\"336\" height=\"448\" data-id=\"167\" src=\"http:\/\/portbastille.com\/wp-content\/uploads\/2022\/10\/20220816_192553_resized.jpg\" alt=\"\" class=\"wp-image-167\" srcset=\"https:\/\/portbastille.com\/wp-content\/uploads\/2022\/10\/20220816_192553_resized.jpg 336w, https:\/\/portbastille.com\/wp-content\/uploads\/2022\/10\/20220816_192553_resized-225x300.jpg 225w\" sizes=\"auto, (max-width: 336px) 100vw, 336px\" \/><\/figure>\n<\/figure>\n\n\n\n<figure class=\"wp-block-gallery has-nested-images columns-default is-cropped wp-block-gallery-3 is-layout-flex wp-block-gallery-is-layout-flex\">\n<figure class=\"wp-block-image size-full\"><img loading=\"lazy\" decoding=\"async\" width=\"448\" height=\"336\" data-id=\"173\" src=\"http:\/\/portbastille.com\/wp-content\/uploads\/2022\/10\/IMG_0773.jpg\" alt=\"\" class=\"wp-image-173\" srcset=\"https:\/\/portbastille.com\/wp-content\/uploads\/2022\/10\/IMG_0773.jpg 448w, https:\/\/portbastille.com\/wp-content\/uploads\/2022\/10\/IMG_0773-300x225.jpg 300w\" sizes=\"auto, (max-width: 448px) 100vw, 448px\" \/><\/figure>\n\n\n\n<figure class=\"wp-block-image size-full\"><img loading=\"lazy\" decoding=\"async\" width=\"336\" height=\"448\" data-id=\"169\" src=\"http:\/\/portbastille.com\/wp-content\/uploads\/2022\/10\/20220816_192507_resized.jpg\" alt=\"\" class=\"wp-image-169\" srcset=\"https:\/\/portbastille.com\/wp-content\/uploads\/2022\/10\/20220816_192507_resized.jpg 336w, https:\/\/portbastille.com\/wp-content\/uploads\/2022\/10\/20220816_192507_resized-225x300.jpg 225w\" sizes=\"auto, (max-width: 336px) 100vw, 336px\" \/><\/figure>\n<\/figure>\n\n\n\n<figure class=\"wp-block-gallery has-nested-images columns-default is-cropped wp-block-gallery-4 is-layout-flex wp-block-gallery-is-layout-flex\">\n<figure class=\"wp-block-image size-large\"><img loading=\"lazy\" decoding=\"async\" width=\"448\" height=\"336\" data-id=\"182\" src=\"http:\/\/portbastille.com\/wp-content\/uploads\/2022\/10\/IMG_0738.jpg\" alt=\"\" class=\"wp-image-182\" srcset=\"https:\/\/portbastille.com\/wp-content\/uploads\/2022\/10\/IMG_0738.jpg 448w, https:\/\/portbastille.com\/wp-content\/uploads\/2022\/10\/IMG_0738-300x225.jpg 300w\" sizes=\"auto, (max-width: 448px) 100vw, 448px\" \/><\/figure>\n\n\n\n<figure class=\"wp-block-image size-large\"><img loading=\"lazy\" decoding=\"async\" width=\"448\" height=\"336\" data-id=\"183\" src=\"http:\/\/portbastille.com\/wp-content\/uploads\/2022\/10\/IMG_0747.jpg\" alt=\"\" class=\"wp-image-183\" srcset=\"https:\/\/portbastille.com\/wp-content\/uploads\/2022\/10\/IMG_0747.jpg 448w, https:\/\/portbastille.com\/wp-content\/uploads\/2022\/10\/IMG_0747-300x225.jpg 300w\" sizes=\"auto, (max-width: 448px) 100vw, 448px\" \/><\/figure>\n<\/figure>\n\n\n\n<figure class=\"wp-block-gallery has-nested-images columns-default is-cropped wp-block-gallery-5 is-layout-flex wp-block-gallery-is-layout-flex\">\n<figure class=\"wp-block-image size-large\"><img loading=\"lazy\" decoding=\"async\" width=\"448\" height=\"336\" data-id=\"179\" src=\"http:\/\/portbastille.com\/wp-content\/uploads\/2022\/10\/IMG_0735.jpg\" alt=\"\" class=\"wp-image-179\" srcset=\"https:\/\/portbastille.com\/wp-content\/uploads\/2022\/10\/IMG_0735.jpg 448w, https:\/\/portbastille.com\/wp-content\/uploads\/2022\/10\/IMG_0735-300x225.jpg 300w\" sizes=\"auto, (max-width: 448px) 100vw, 448px\" \/><\/figure>\n\n\n\n<figure class=\"wp-block-image size-large\"><img loading=\"lazy\" decoding=\"async\" width=\"448\" height=\"336\" data-id=\"180\" src=\"http:\/\/portbastille.com\/wp-content\/uploads\/2022\/10\/IMG_0736.jpg\" alt=\"\" class=\"wp-image-180\" srcset=\"https:\/\/portbastille.com\/wp-content\/uploads\/2022\/10\/IMG_0736.jpg 448w, https:\/\/portbastille.com\/wp-content\/uploads\/2022\/10\/IMG_0736-300x225.jpg 300w\" sizes=\"auto, (max-width: 448px) 100vw, 448px\" \/><\/figure>\n<\/figure>\n\n\n\n<figure class=\"wp-block-gallery has-nested-images columns-default is-cropped wp-block-gallery-6 is-layout-flex wp-block-gallery-is-layout-flex\">\n<figure class=\"wp-block-image size-large\"><img loading=\"lazy\" decoding=\"async\" width=\"448\" height=\"336\" data-id=\"181\" src=\"http:\/\/portbastille.com\/wp-content\/uploads\/2022\/10\/IMG_0737.jpg\" alt=\"\" class=\"wp-image-181\" srcset=\"https:\/\/portbastille.com\/wp-content\/uploads\/2022\/10\/IMG_0737.jpg 448w, https:\/\/portbastille.com\/wp-content\/uploads\/2022\/10\/IMG_0737-300x225.jpg 300w\" sizes=\"auto, (max-width: 448px) 100vw, 448px\" \/><\/figure>\n\n\n\n<figure class=\"wp-block-image size-large\"><img loading=\"lazy\" decoding=\"async\" width=\"448\" height=\"336\" data-id=\"176\" src=\"http:\/\/portbastille.com\/wp-content\/uploads\/2022\/10\/IMG_0726.jpg\" alt=\"\" class=\"wp-image-176\" srcset=\"https:\/\/portbastille.com\/wp-content\/uploads\/2022\/10\/IMG_0726.jpg 448w, https:\/\/portbastille.com\/wp-content\/uploads\/2022\/10\/IMG_0726-300x225.jpg 300w\" sizes=\"auto, (max-width: 448px) 100vw, 448px\" \/><\/figure>\n<\/figure>\n\n\n\n<figure class=\"wp-block-gallery has-nested-images columns-default is-cropped wp-block-gallery-7 is-layout-flex wp-block-gallery-is-layout-flex\">\n<figure class=\"wp-block-image size-large\"><img loading=\"lazy\" decoding=\"async\" width=\"448\" height=\"336\" data-id=\"177\" src=\"http:\/\/portbastille.com\/wp-content\/uploads\/2022\/10\/IMG_0733.jpg\" alt=\"\" class=\"wp-image-177\" srcset=\"https:\/\/portbastille.com\/wp-content\/uploads\/2022\/10\/IMG_0733.jpg 448w, https:\/\/portbastille.com\/wp-content\/uploads\/2022\/10\/IMG_0733-300x225.jpg 300w\" sizes=\"auto, (max-width: 448px) 100vw, 448px\" \/><\/figure>\n\n\n\n<figure class=\"wp-block-image size-large\"><img loading=\"lazy\" decoding=\"async\" width=\"448\" height=\"336\" data-id=\"178\" src=\"http:\/\/portbastille.com\/wp-content\/uploads\/2022\/10\/IMG_0734.jpg\" alt=\"\" class=\"wp-image-178\" srcset=\"https:\/\/portbastille.com\/wp-content\/uploads\/2022\/10\/IMG_0734.jpg 448w, https:\/\/portbastille.com\/wp-content\/uploads\/2022\/10\/IMG_0734-300x225.jpg 300w\" sizes=\"auto, (max-width: 448px) 100vw, 448px\" \/><\/figure>\n<\/figure>\n\n\n\n<figure class=\"wp-block-gallery has-nested-images columns-default is-cropped wp-block-gallery-8 is-layout-flex wp-block-gallery-is-layout-flex\">\n<figure class=\"wp-block-image size-large\"><img loading=\"lazy\" decoding=\"async\" width=\"448\" height=\"336\" data-id=\"174\" src=\"http:\/\/portbastille.com\/wp-content\/uploads\/2022\/10\/IMG_0777.jpg\" alt=\"\" class=\"wp-image-174\" srcset=\"https:\/\/portbastille.com\/wp-content\/uploads\/2022\/10\/IMG_0777.jpg 448w, https:\/\/portbastille.com\/wp-content\/uploads\/2022\/10\/IMG_0777-300x225.jpg 300w\" sizes=\"auto, (max-width: 448px) 100vw, 448px\" \/><\/figure>\n\n\n\n<figure class=\"wp-block-image size-large\"><img loading=\"lazy\" decoding=\"async\" width=\"336\" height=\"448\" data-id=\"175\" src=\"http:\/\/portbastille.com\/wp-content\/uploads\/2022\/10\/IMG_0779.jpg\" alt=\"\" class=\"wp-image-175\" srcset=\"https:\/\/portbastille.com\/wp-content\/uploads\/2022\/10\/IMG_0779.jpg 336w, https:\/\/portbastille.com\/wp-content\/uploads\/2022\/10\/IMG_0779-225x300.jpg 225w\" sizes=\"auto, (max-width: 336px) 100vw, 336px\" \/><\/figure>\n<\/figure>\n\n\n\n<figure class=\"wp-block-gallery has-nested-images columns-default is-cropped wp-block-gallery-9 is-layout-flex wp-block-gallery-is-layout-flex\">\n<figure class=\"wp-block-image size-large\"><img loading=\"lazy\" decoding=\"async\" width=\"336\" height=\"448\" data-id=\"171\" src=\"http:\/\/portbastille.com\/wp-content\/uploads\/2022\/10\/IMG_0761.jpg\" alt=\"\" class=\"wp-image-171\" srcset=\"https:\/\/portbastille.com\/wp-content\/uploads\/2022\/10\/IMG_0761.jpg 336w, https:\/\/portbastille.com\/wp-content\/uploads\/2022\/10\/IMG_0761-225x300.jpg 225w\" sizes=\"auto, (max-width: 336px) 100vw, 336px\" \/><\/figure>\n\n\n\n<figure class=\"wp-block-image size-large\"><img loading=\"lazy\" decoding=\"async\" width=\"448\" height=\"336\" data-id=\"172\" src=\"http:\/\/portbastille.com\/wp-content\/uploads\/2022\/10\/IMG_0767.jpg\" alt=\"\" class=\"wp-image-172\" srcset=\"https:\/\/portbastille.com\/wp-content\/uploads\/2022\/10\/IMG_0767.jpg 448w, https:\/\/portbastille.com\/wp-content\/uploads\/2022\/10\/IMG_0767-300x225.jpg 300w\" sizes=\"auto, (max-width: 448px) 100vw, 448px\" \/><\/figure>\n<\/figure>\n\n\n\n<p class=\"has-extra-small-font-size\"><\/p>\n\n\n<div class=\"wp-block-image\">\n<figure class=\"aligncenter size-full\"><img loading=\"lazy\" decoding=\"async\" width=\"336\" height=\"448\" src=\"http:\/\/portbastille.com\/wp-content\/uploads\/2022\/10\/20220729_152216-e1664802051868.jpg\" alt=\"\" class=\"wp-image-153\" srcset=\"https:\/\/portbastille.com\/wp-content\/uploads\/2022\/10\/20220729_152216-e1664802051868.jpg 336w, https:\/\/portbastille.com\/wp-content\/uploads\/2022\/10\/20220729_152216-e1664802051868-225x300.jpg 225w\" sizes=\"auto, (max-width: 336px) 100vw, 336px\" \/><\/figure>\n<\/div>\n\n\n<p>  <br><br><\/p>\n\n\n\n<p class=\"has-green-background-color has-background\"><\/p>\n\n\n\n<p><br><strong>CONCERNANT LE TOIT-TERRASSE<\/strong>, Immo\u2019Tech constate (page 1\/7) le bon \u00e9tat des \u00e9dicules, pas d&#8217;infiltrations signal\u00e9es, mais note (page 6\/7) que les \u00e9dicules techniques et souches de ventilation pr\u00e9sentent des fissures plus ou moins importantes et une l\u00e9zarde. Et Immo\u2019Tech de conclure qu\u2019il faut attendre&#8230; 2027 pour rem\u00e9dier au probl\u00e8me\u00a0! Le temps que d&#8217;autres appartements connaissent des d\u00e9g\u00e2ts des eaux ?&#8230; D\u00e9j\u00e0, au dernier \u00e9tage du 20, un appartement subit actuellement\u00a0 un d\u00e9g\u00e2t des eaux dans les toilettes (infiltrations depuis la gaine de ventilation).<\/p>\n\n\n\n<p>Immo\u2019Tech \u00e9crit que<em> \u00ab&nbsp;les seules infiltrations signal\u00e9es ont \u00e9t\u00e9 recens\u00e9es au droit des acc\u00e8s privatifs cr\u00e9\u00e9s&nbsp; \u00e0 l\u2019initiative des copropri\u00e9taires et leur permettant d\u2019acc\u00e9der auxdites terrasses [\u2026]. Ces d\u00e9sordres ne concernent pas la copropri\u00e9t\u00e9&nbsp;\u00bb<\/em>. Ceci est faux&nbsp;! L\u2019essentiel des infiltrations proviennent d\u2019autres parties de la toiture.<\/p>\n\n\n\n<p>Acorus estime que l\u2019\u00e9tanch\u00e9it\u00e9 doit \u00eatre refaite au 20, voire sur tout le b\u00e2timent. Quant \u00e0 l\u2019isolant, l\u2019entreprise pr\u00e9cise qu\u2019on utilise actuellement des \u00e9paisseurs bien sup\u00e9rieures. Curieusement, Immo\u2019Tech n\u2019envisage pas de refaire l\u2019\u00e9tanch\u00e9it\u00e9 et l\u2019isolation du toit-terrasse dans son PPT.<br><br><\/p>\n\n\n\n<figure class=\"wp-block-gallery has-nested-images columns-default is-cropped wp-block-gallery-10 is-layout-flex wp-block-gallery-is-layout-flex\">\n<figure class=\"wp-block-image size-large\"><img loading=\"lazy\" decoding=\"async\" width=\"768\" height=\"1024\" data-id=\"210\" src=\"https:\/\/portbastille.com\/wp-content\/uploads\/2024\/09\/IMG-20240824-WA0002-768x1024.jpg\" alt=\"\" class=\"wp-image-210\" srcset=\"https:\/\/portbastille.com\/wp-content\/uploads\/2024\/09\/IMG-20240824-WA0002-768x1024.jpg 768w, https:\/\/portbastille.com\/wp-content\/uploads\/2024\/09\/IMG-20240824-WA0002-225x300.jpg 225w, https:\/\/portbastille.com\/wp-content\/uploads\/2024\/09\/IMG-20240824-WA0002-1152x1536.jpg 1152w, https:\/\/portbastille.com\/wp-content\/uploads\/2024\/09\/IMG-20240824-WA0002.jpg 1200w\" sizes=\"auto, (max-width: 768px) 100vw, 768px\" \/><\/figure>\n\n\n\n<figure class=\"wp-block-image size-large\"><img loading=\"lazy\" decoding=\"async\" width=\"768\" height=\"1024\" data-id=\"209\" src=\"https:\/\/portbastille.com\/wp-content\/uploads\/2024\/09\/IMG-20240824-WA0005-768x1024.jpg\" alt=\"\" class=\"wp-image-209\" srcset=\"https:\/\/portbastille.com\/wp-content\/uploads\/2024\/09\/IMG-20240824-WA0005-768x1024.jpg 768w, https:\/\/portbastille.com\/wp-content\/uploads\/2024\/09\/IMG-20240824-WA0005-225x300.jpg 225w, https:\/\/portbastille.com\/wp-content\/uploads\/2024\/09\/IMG-20240824-WA0005-1152x1536.jpg 1152w, https:\/\/portbastille.com\/wp-content\/uploads\/2024\/09\/IMG-20240824-WA0005.jpg 1200w\" sizes=\"auto, (max-width: 768px) 100vw, 768px\" \/><\/figure>\n<\/figure>\n\n\n\n<p> <br><\/p>\n\n\n\n<p class=\"has-green-background-color has-background has-large-font-size\">Documents de r\u00e9f\u00e9rence<\/p>\n\n\n\n<p><\/p>\n\n\n\n<p class=\"has-extra-small-font-size\"><br>Cliquer sur les liens ci-apr\u00e8s&nbsp;:<br><br><a href=\"https:\/\/www.dropbox.com\/scl\/fi\/xkgisf9ttghj23ewfcqyu\/ReeZOME_Proposition-DTG_20-Bd-de-la-Bastille.pdf?rlkey=17n5muka83g2ng3fktr5cgb02&amp;dl=0\" target=\"_blank\" rel=\"noreferrer noopener\">ReeZOME &#8211; Devis DTG<\/a>&nbsp;<br><a href=\"https:\/\/www.dropbox.com\/scl\/fi\/ptjcdkk1e6reit66l36n1\/DTG-Immo-Tech-17.04.2024.pdf?rlkey=z8emfu6k4u6bv14sbom8iwkbg&amp;dl=0\" data-type=\"link\" data-id=\"https:\/\/www.dropbox.com\/scl\/fi\/ptjcdkk1e6reit66l36n1\/DTG-Immo-Tech-17.04.2024.pdf?rlkey=z8emfu6k4u6bv14sbom8iwkbg&amp;dl=0\" target=\"_blank\" rel=\"noreferrer noopener\">DTG-Immo-Tech de 2024<\/a><br><a href=\"https:\/\/www.dropbox.com\/scl\/fi\/bbygs798ipi8i6hw9f4lp\/Diagnostic-nerg-tique-BSC-2011.pdf?rlkey=jbph6bxwpmh0exlkb76bog902&amp;dl=0\" target=\"_blank\" rel=\"noreferrer noopener\">Diagnostic-\u00e9nerg\u00e9tique de BSG \u00c9nergies de 2011<\/a><br><a href=\"http:\/\/portbastille.com\/2007_DIAGNOSTIC_ARCHITECTE_GUEROULT.pdf\" target=\"_blank\" rel=\"noreferrer noopener\">Diagnostic technique de l&#8217;architecte Gu\u00e9roult de 2007<\/a><br><\/p>\n\n\n\n<p class=\"has-green-background-color has-background has-normal-font-size\"><\/p>\n\n\n\n<p><\/p>\n","protected":false},"excerpt":{"rendered":"<p>Diagnostic technique global(DTG) LE DTG IMMO\u2019TECH&nbsp;:un rapport aux conclusions aberrantesqu\u2019il faut imp\u00e9rativement refairepour d\u00e9terminer les gains \u00e9nerg\u00e9tiques r\u00e9alisableset donc les subventions auxquelles nous avons droit En juin 2023, l\u2019AG a vot\u00e9 la r\u00e9alisation d\u2019un Diagnostic Technique Global (DTG) &#8220;par un tiers&nbsp;disposant de comp\u00e9tences pr\u00e9cis\u00e9es par d\u00e9cret&#8221; avec demande de subvention. Le CS a retenu Immo\u2019Tech&hellip; <a class=\"more-link\" href=\"https:\/\/portbastille.com\/\">Continue reading <span class=\"screen-reader-text\">Diagnostic technique global (DTG)<\/span><\/a><\/p>\n","protected":false},"author":1,"featured_media":0,"parent":0,"menu_order":0,"comment_status":"closed","ping_status":"closed","template":"","meta":{"footnotes":""},"class_list":["post-18","page","type-page","status-publish","hentry","entry"],"_links":{"self":[{"href":"https:\/\/portbastille.com\/index.php\/wp-json\/wp\/v2\/pages\/18","targetHints":{"allow":["GET"]}}],"collection":[{"href":"https:\/\/portbastille.com\/index.php\/wp-json\/wp\/v2\/pages"}],"about":[{"href":"https:\/\/portbastille.com\/index.php\/wp-json\/wp\/v2\/types\/page"}],"author":[{"embeddable":true,"href":"https:\/\/portbastille.com\/index.php\/wp-json\/wp\/v2\/users\/1"}],"replies":[{"embeddable":true,"href":"https:\/\/portbastille.com\/index.php\/wp-json\/wp\/v2\/comments?post=18"}],"version-history":[{"count":125,"href":"https:\/\/portbastille.com\/index.php\/wp-json\/wp\/v2\/pages\/18\/revisions"}],"predecessor-version":[{"id":248,"href":"https:\/\/portbastille.com\/index.php\/wp-json\/wp\/v2\/pages\/18\/revisions\/248"}],"wp:attachment":[{"href":"https:\/\/portbastille.com\/index.php\/wp-json\/wp\/v2\/media?parent=18"}],"curies":[{"name":"wp","href":"https:\/\/api.w.org\/{rel}","templated":true}]}}